t the prime factors of r.
641
Let l(w) = w - 6. Let v = -56 + 66. Let p be l(v). Let t = p + 71. List the prime factors of t.
3, 5
Let i = 82867 - 34851. List the prime factors of i.
2, 3001
Suppose 339 + 8917 = 13*w. Suppose -6*t + w = -752. List the prime factors of t.
2, 61
Let r(q) = 4*q + 18. Let o be r(-5). Let y be 4/(-6) - o/3. Suppose y = -d + 15 + 76. List the prime factors of d.
7, 13
Let u(l) be the third derivative of 2/15*l**5 - 1/8*l**4 - 9*l**2 + 1/120*l**6 - l**3 + 0 + 0*l. List the prime factors of u(-4).
2, 5, 7
Let f = -11620 + 17221. List the prime factors of f.
3, 1867
Let v be (8/(-4) - -1)/(3/21). Let f be (-1)/(((-14)/(-4))/v). Suppose 3*g - 5*z + f*z = 558, 407 = 2*g + 5*z. List the prime factors of g.
191
Suppose a + 8 = 4*o, 42*a + 4*o - 28 = 38*a. Suppose -r = 3*y - 53 - 94, -4*r + a*y = -668. List the prime factors of r.
2, 3
Let h(z) = -7*z**3 + 4*z**2 - 9*z + 3. Let a = 14 - 9. Let m(o) = -o**3 - o + 1. Let w(s) = a*m(s) - h(s). What are the prime factors of w(2)?
2, 5
Let y(w) = 10*w + 0*w + 5*w + 2 - 8 + 13*w**2 + 4*w. List the prime factors of y(8).
2, 3, 163
Let z(m) be the first derivative of -47*m**2/2 - 14*m + 16. Let w be z(-5). Suppose 35 = 4*o + 2*g - w, -2*o = -g - 124. List the prime factors of o.
3, 7
Suppose 4*o - 2*n + n = 12, -4*o = 2*n. Suppose 0 = o*x - 4*x. Suppose -5*l + 109 + 536 = x. What are the prime factors of l?
3, 43
Suppose 422761 = -15*d - 776039. What are the prime factors of d/(-57) - 44/418?
2, 701
Suppose 88*u - 78 = 75*u. Suppose -u*a + 1939 + 1205 = 0. List the prime factors of a.
2, 131
Suppose -85 - 227 = -4*o. Let f = 7876 + -7867. Let s = o - f. List the prime factors of s.
3, 23
Let s(m) = 16*m**3 - 3*m**2 - 8*m - 5. Let w be s(-3). Let i = w + 850. What are the prime factors of i?
2, 5, 41
Let j = -5 - -680. Let r = -380 + j. What are the prime factors of r?
5, 59
Suppose -4*q + 4*f = -1336, -16*f + 12*f = 3*q - 1023. Let z = -231 + q. List the prime factors of z.
2, 53
Suppose 20505 = 27*m - 15675. What are the prime factors of m?
2, 5, 67
Let f be (-7938)/196*-3*2. List the prime factors of f*(128/6)/4.
2, 3
Let z(l) be the third derivative of l**6/120 - l**5/30 - 19*l**4/24 - l**3/2 + 13*l**2. Let j be z(9). Suppose 0 = 7*s - j - 139. List the prime factors of s.
2, 19
Let l(w) = -481*w - 266. What are the prime factors of l(-7)?
7, 443
Suppose -6*f + 69608 = -2*f - 2*h, -f + 4*h = -17388. What are the prime factors of f?
2, 19, 229
Let d(w) = 5*w**2 + 3*w + 1. Let g be d(-3). Let c = -37 + g. What are the prime factors of 3 + 56 + (-1 - (-1 + c))?
59
Let o(d) = -48*d**3 - d**2 + d + 1. Let t(v) = -5*v + 2. Let s(a) = 6*a - 2. Let g(q) = 2*s(q) + 3*t(q). Let x be g(1). What are the prime factors of o(x)?
47
Let h(x) = -10*x + 3. Suppose 4*p - 3*p + 5*q + 42 = 0, 4*q = 5*p + 65. What are the prime factors of h(p)?
173
Suppose 279 = 10*s - 7*s. Let o be 1/4 + (s/12 - 3). Suppose -6*v = -o*v - 150. What are the prime factors of v?
2, 3, 5
Let z be ((-15)/(-30))/((-2)/4). Let j = 4 + z. What are the prime factors of j?
3
Let h = 16 - -4928. What are the prime factors of h?
2, 3, 103
Suppose 20001*r + 246092 = 20023*r. List the prime factors of r.
2, 7, 17, 47
Let r = -271 + 267. List the prime factors of (r/((-12)/597))/1*3.
3, 199
Let m be 2356/310 + (-4)/10*-1. Suppose -2*d - m*b + 1824 = -5*b, -5*d - 4*b = -4553. List the prime factors of d.
3, 101
Let g(j) = 48*j + 19. Let t be g(3). Let x = t + -63. List the prime factors of x.
2, 5
Let c be 28/343*28 - (-2)/(-7). Suppose 0*m - c*m - 799 = -j, -m = j - 793. List the prime factors of j.
3, 5, 53
Let u = -122 + 119. What are the prime factors of u/(12/(-10))*1476/10?
3, 41
Suppose -280056 = -32*p + 292072. List the prime factors of p.
19, 941
Let h = 2099 - -22380. List the prime factors of h.
7, 13, 269
Let c(u) = 23*u**2 + 159*u + 1211. List the prime factors of c(-10).
17, 113
Let l = -69 - -35. Let z = 8 - 77. Let q = l - z. What are the prime factors of q?
5, 7
Suppose 20*l = 5231 + 3149. Suppose 294 = 2*o + q, -8*o + 4*q = -5*o - l. List the prime factors of o.
5, 29
Let v(w) = -w**3 + 3*w + 6. Let b(p) = 3*p**3 - 9*p - 18. Let s(l) = -4*b(l) - 11*v(l). Let q be s(-5). Suppose 24*x + q = 26*x. List the prime factors of x.
2, 29
Let j = -717 + 1235. Suppose -4*b = -j + 58. List the prime factors of b.
5, 23
Let v = -3158 + 13156. List the prime factors of v.
2, 4999
Let f = 151 + -250. Let g = 434 - f. List the prime factors of g.
13, 41
Let j be (-6633)/110*-56 + 1/5. Suppose -1367 = -2*c - 5*b, 0*c + b + j = 5*c. What are the prime factors of c?
2, 13
Let i(c) = -3*c - 10. Let n be i(-5). Suppose -3*k - n*d = -1241, 5*d - 2043 = -5*k + 3*d. List the prime factors of k.
11, 37
Suppose -38*r + 16*r = -9922. Let f = r - 154. What are the prime factors of f?
3, 11
Let t = 3587 + 23618. What are the prime factors of t?
5, 5441
Suppose -18*m = -16*m - 10010. Suppose 55*t = 50*t + m. Suppose 7*s - t = -4*s. What are the prime factors of s?
7, 13
Suppose 5*y = -t + 6*y + 6, -2*y - 20 = -4*t. Suppose -5*d = 2*z - 0*z - 3432, -t*z + 1360 = 2*d. What are the prime factors of d?
2, 43
Suppose 2*s - 24*s + 65428 = 0. What are the prime factors of s?
2, 1487
Let u be 8/4*1*(6 - 5). Suppose -u*a = 5*h - 7271, 4*h - 3*a - 2598 - 3228 = 0. List the prime factors of h.
3, 5, 97
Let x(c) = 3*c**2 - 50*c + 62. List the prime factors of x(51).
5, 1063
Let d be (0/4 - 1) + 6. Suppose -18 = d*f - 7*f + 5*t, -12 = -2*f + 2*t. Suppose f*r - 23 = -3*u, 0 = -r - 3*u + 2 - 3. What are the prime factors of r?
2
Suppose 3*k = 4*p - 426, 292 - 828 = -5*p + 2*k. Suppose -3*o + 0 = -3*r - 315, 2*r - p = -o. Suppose 0 = -3*m + o + 212. What are the prime factors of m?
2, 53
Let k(c) = -54*c**3 - 13*c**2 - 11*c - 12. Let a be k(-7). Suppose 19*h - a = -1325. List the prime factors of h.
5, 7
Suppose 3*u + l = 37, 0 = -l + 5 - 1. Let i(k) = -8*k**2 - 8 - 2*k**2 - 7*k**2 - k**3 - 13*k + u*k**2. What are the prime factors of i(-6)?
2, 5, 7
Suppose o - 3*h + 180 = 4*o, 48 = o + 4*h. Let x = o + -16. Suppose -u + 2*i = -49 - x, -5*u + 440 = -i. What are the prime factors of u?
3, 29
Let f = -179 - -297. Let s = 17 + f. What are the prime factors of s?
3, 5
Suppose 10*d - 14*d = -3*l + 47166, -d - 47166 = -3*l. What are the prime factors of l?
2, 7, 1123
Let s be (-9268)/5 - (-6)/(-15). Let u = -972 - s. Suppose -7*b = -u + 70. What are the prime factors of b?
2, 29
Suppose -5*t - 2 + 17 = 5*n, 42 = 4*t - 2*n. What are the prime factors of (-9)/(-6) - (1 + (-2524)/t)?
2, 79
Suppose 5*n = k - 3*k - 51, 4*k = 5*n + 63. Let v = n - -11. Suppose d + 65 = g + 3*d, -5*d + 15 = v. List the prime factors of g.
59
Suppose -3*p + 30893 = 4*s + 5096, 0 = -4*p + 2*s + 34418. List the prime factors of p.
7, 1229
What are the prime factors of (-1)/(3/24) + (10545 - 25)?
2, 3, 73
Let k be (295/15 - 2/3) + 1. List the prime factors of (5/k)/((-3)/(-11868)).
23, 43
Suppose -2*o + 61536 = -2*w, -38*o = -35*o - 4*w - 92306. What are the prime factors of o?
2, 15383
What are the prime factors of (4 + -6 - -6) + (-60068)/(-4)?
3, 1669
Let s(v) = 104*v**3 - 268*v**3 - v**2 - 34*v**3 + 1 - 175*v**3. What are the prime factors of s(-1)?
373
Let d(b) = -1480*b - 24. List the prime factors of d(-6).
2, 3, 41
Suppose 2*v + 2*s = -v + 84, 0 = s. Suppose -17*l = -24*l + v. Suppose -4*r - l*o = -r - 302, o = r - 89. List the prime factors of r.
2, 47
Let o(c) = -c**3 - 13*c**2 - 60*c - 113. What are the prime factors of o(-20)?
13, 23
Let v be (8*6/(-4))/((-3)/2). What are the prime factors of 4258/v + (-18)/72?
2, 7, 19
Let p(d) = -d**2 - 6*d + 4. Let q be p(-7). Let f be 2 - (-3 + 6) - q. Suppose f*n = 4*n - 5*m - 184, -2*n + 182 = -4*m. What are the prime factors of n?
3, 29
Suppose -2*v = r - 2968, 190*v = -5*r + 189*v + 14840. List the prime factors of r.
2, 7, 53
Let n(d) = -1273*d - 3461. List the prime factors of n(-8).
3, 83
Let u = -12605 + 20987. What are the prime factors of u?
2, 3, 11, 127
Suppose 5*q = -2*d - 234, 2*q - 33 + 517 = -4*d. Let c = -120 - d. Suppose -5*b + w = -751, -c*b + 598 = 2*b + 2*w. What are the prime factors of b?
2, 3, 5
Suppose -2*f + 18 = 10. Suppose 0 = -5*t + f*t + 215. What are the prime factors of t/3 + 10/30?
2, 3
Let p(n) = 197*n**2 